{"id":2770,"date":"2024-10-29T03:43:13","date_gmt":"2024-10-29T03:43:13","guid":{"rendered":"https:\/\/unikon.wprealizer.com\/?page_id=2770"},"modified":"2025-09-03T17:27:21","modified_gmt":"2025-09-03T17:27:21","slug":"servicios","status":"publish","type":"page","link":"https:\/\/agruza.com.mx\/index.php\/servicios\/","title":{"rendered":"Servicios"},"content":{"rendered":"\t\t<div data-elementor-type=\"wp-page\" data-elementor-id=\"2770\" class=\"elementor elementor-2770\">\n\t\t\t\t<div class=\"elementor-element elementor-element-5e99ac0 e-flex e-con-boxed e-con e-parent\" data-id=\"5e99ac0\" data-element_type=\"container\">\n\t\t\t\t\t<div class=\"e-con-inner\">\n\t\t<div class=\"elementor-element elementor-element-e08536e e-con-full e-flex e-con e-child\" data-id=\"e08536e\" data-element_type=\"container\">\n\t\t\t\t<div class=\"elementor-element elementor-element-8f68086 elementor-widget elementor-widget-wpr-service-box\" data-id=\"8f68086\" data-element_type=\"widget\" data-widget_type=\"wpr-service-box.default\">\n\t\t\t\t<div class=\"elementor-widget-container\">\n\t\t\t\t\t\n        \n            <div class=\"service__item\">\n                <div class=\"service__thumb service__thumb--extend fade_up_anim wpr-el-img\" data-delay=\".2\">\n                    <a href=\"\/wpr-services\/unlock-the-development\/\" target=\"\" rel=\"\">\n                        <img decoding=\"async\" src=\"https:\/\/agruza.com.mx\/wp-content\/uploads\/2025\/09\/carga-y-descarga-sq-scaled.jpg\" alt=\"\" \/>\n                    <\/a>\n                <\/div>\n\n                <div class=\"service__content service__content--extend\">\n\n                    <span class=\"wpr-el-num service-number fade_up_anim\" data-delay=\".3\">01<\/span>\n\n                    <div class=\"service__info\">\n\n\n                                                    <h2 class=\"h2 fade_up_anim wpr-el-title\" data-delay=\".35\">\n                                <a href=\"\/wpr-services\/unlock-the-development\/\" target=\"\" rel=\"\">\n                                    Carga y descarga                                <\/a>\n                            <\/h2>\n                        \n                                                    <p class=\"wpr-el-desc fade_up_anim\" data-delay=\".4\">\n                                Contamos con personal debidamente capacitado para el manejo de gr\u00e1neles como envasados de granos y semillas adem\u00e1s de contar con el equipo especializado con capacidad de carga de 60 ton\/hr de productos granel y 45 ton\/hr de productos envasados y debidamente empacados y embalados. Contamos con andenes para descarga eficiente de gr\u00e1neles con una capacidad de hasta 100 ton\/hr.                            <\/p>\n                        \n                        <div class=\"btn-group d-flex align-items-lg-center gap-3\">\n                            <a href=\"\/wpr-services\/unlock-the-development\/\" target=\"\" rel=\"\" class=\"common-btn fade_up_anim wpr-el-btn\">\n                                <span><\/span>View Details<\/span>\n                                <svg\n                                    xmlns=\"http:\/\/www.w3.org\/2000\/svg\"\n                                    width=\"21\"\n                                    height=\"12\"\n                                    viewBox=\"0 0 21 12\"\n                                    fill=\"none\">\n                                    <path\n                                        d=\"M20.5303 6.53033C20.8232 6.23744 20.8232 5.76256 20.5303 5.46967L15.7574 0.696699C15.4645 0.403806 14.9896 0.403806 14.6967 0.696699C14.4038 0.989593 14.4038 1.46447 14.6967 1.75736L18.9393 6L14.6967 10.2426C14.4038 10.5355 14.4038 11.0104 14.6967 11.3033C14.9896 11.5962 15.4645 11.5962 15.7574 11.3033L20.5303 6.53033ZM0 6.75H20V5.25H0V6.75Z\"\n                                        fill=\"currentColor\" \/>\n                                <\/svg>\n                            <\/a>\n                        <\/div>\n                    <\/div>\n                <\/div>\n            <\/div>\n\n        \t\t\t\t<\/div>\n\t\t\t\t<\/div>\n\t\t\t\t<div class=\"elementor-element elementor-element-50ca312 elementor-widget elementor-widget-wpr-service-box\" data-id=\"50ca312\" data-element_type=\"widget\" data-widget_type=\"wpr-service-box.default\">\n\t\t\t\t<div class=\"elementor-widget-container\">\n\t\t\t\t\t\n        \n            <div class=\"service__item\">\n                <div class=\"service__thumb service__thumb--extend fade_up_anim wpr-el-img\" data-delay=\".2\">\n                    <a href=\"\/wpr-services\/unlock-the-development\/\" target=\"\" rel=\"\">\n                        <img decoding=\"async\" src=\"https:\/\/agruza.com.mx\/wp-content\/uploads\/2025\/09\/almacenaje-sq-scaled.jpg\" alt=\"\" \/>\n                    <\/a>\n                <\/div>\n\n                <div class=\"service__content service__content--extend\">\n\n                    <span class=\"wpr-el-num service-number fade_up_anim\" data-delay=\".3\">02<\/span>\n\n                    <div class=\"service__info\">\n\n\n                                                    <h2 class=\"h2 fade_up_anim wpr-el-title\" data-delay=\".35\">\n                                <a href=\"\/wpr-services\/unlock-the-development\/\" target=\"\" rel=\"\">\n                                    Almacenaje                                <\/a>\n                            <\/h2>\n                        \n                                                    <p class=\"wpr-el-desc fade_up_anim\" data-delay=\".4\">\n                                Contamos con bandas graneleras para el manejo y distribuci\u00f3n \u00f3ptimo de los espacios.\nUn almac\u00e9n \u00fanicamente para productos secos y que no requieren refrigeraci\u00f3n; conservamos el producto en las mejores condiciones, se cuenta con un sistema de video vigilancia de primera tecnolog\u00eda con un sistema de monitoreo las 24 horas del d\u00eda para dar la mayor certeza que requieres de que tu producto est\u00e1 en las mejores manos. \nAlmacenes conservados en oscuridad para el optimo mantenimiento de grnos claros.\nMonitoreo semanal de plagas y roedores.\nFumigaciones preventivas programadas cada 60 dias.\n                            <\/p>\n                        \n                        <div class=\"btn-group d-flex align-items-lg-center gap-3\">\n                            <a href=\"\/wpr-services\/unlock-the-development\/\" target=\"\" rel=\"\" class=\"common-btn fade_up_anim wpr-el-btn\">\n                                <span><\/span>View Details<\/span>\n                                <svg\n                                    xmlns=\"http:\/\/www.w3.org\/2000\/svg\"\n                                    width=\"21\"\n                                    height=\"12\"\n                                    viewBox=\"0 0 21 12\"\n                                    fill=\"none\">\n                                    <path\n                                        d=\"M20.5303 6.53033C20.8232 6.23744 20.8232 5.76256 20.5303 5.46967L15.7574 0.696699C15.4645 0.403806 14.9896 0.403806 14.6967 0.696699C14.4038 0.989593 14.4038 1.46447 14.6967 1.75736L18.9393 6L14.6967 10.2426C14.4038 10.5355 14.4038 11.0104 14.6967 11.3033C14.9896 11.5962 15.4645 11.5962 15.7574 11.3033L20.5303 6.53033ZM0 6.75H20V5.25H0V6.75Z\"\n                                        fill=\"currentColor\" \/>\n                                <\/svg>\n                            <\/a>\n                        <\/div>\n                    <\/div>\n                <\/div>\n            <\/div>\n\n        \t\t\t\t<\/div>\n\t\t\t\t<\/div>\n\t\t\t\t<div class=\"elementor-element elementor-element-7e0eb95 elementor-widget elementor-widget-wpr-service-box\" data-id=\"7e0eb95\" data-element_type=\"widget\" data-widget_type=\"wpr-service-box.default\">\n\t\t\t\t<div class=\"elementor-widget-container\">\n\t\t\t\t\t\n        \n            <div class=\"service__item\">\n                <div class=\"service__thumb service__thumb--extend fade_up_anim wpr-el-img\" data-delay=\".2\">\n                    <a href=\"\/wpr-services\/unlock-the-development\/\" target=\"\" rel=\"\">\n                        <img decoding=\"async\" src=\"https:\/\/agruza.com.mx\/wp-content\/uploads\/2025\/09\/almacenaje-sq-scaled.jpg\" alt=\"\" \/>\n                    <\/a>\n                <\/div>\n\n                <div class=\"service__content service__content--extend\">\n\n                    <span class=\"wpr-el-num service-number fade_up_anim\" data-delay=\".3\">02<\/span>\n\n                    <div class=\"service__info\">\n\n\n                                                    <h2 class=\"h2 fade_up_anim wpr-el-title\" data-delay=\".35\">\n                                <a href=\"\/wpr-services\/unlock-the-development\/\" target=\"\" rel=\"\">\n                                    Nue                                <\/a>\n                            <\/h2>\n                        \n                                                    <p class=\"wpr-el-desc fade_up_anim\" data-delay=\".4\">\n                                Nuestras basculas son de precisi\u00f3n y est\u00e1n en constante calibraci\u00f3n y se cuanta con los sellos emitidos por la instancia PROFECO para mayor tranquilidad del cliente.                            <\/p>\n                        \n                        <div class=\"btn-group d-flex align-items-lg-center gap-3\">\n                            <a href=\"\/wpr-services\/unlock-the-development\/\" target=\"\" rel=\"\" class=\"common-btn fade_up_anim wpr-el-btn\">\n                                <span><\/span>View Details<\/span>\n                                <svg\n                                    xmlns=\"http:\/\/www.w3.org\/2000\/svg\"\n                                    width=\"21\"\n                                    height=\"12\"\n                                    viewBox=\"0 0 21 12\"\n                                    fill=\"none\">\n                                    <path\n                                        d=\"M20.5303 6.53033C20.8232 6.23744 20.8232 5.76256 20.5303 5.46967L15.7574 0.696699C15.4645 0.403806 14.9896 0.403806 14.6967 0.696699C14.4038 0.989593 14.4038 1.46447 14.6967 1.75736L18.9393 6L14.6967 10.2426C14.4038 10.5355 14.4038 11.0104 14.6967 11.3033C14.9896 11.5962 15.4645 11.5962 15.7574 11.3033L20.5303 6.53033ZM0 6.75H20V5.25H0V6.75Z\"\n                                        fill=\"currentColor\" \/>\n                                <\/svg>\n                            <\/a>\n                        <\/div>\n                    <\/div>\n                <\/div>\n            <\/div>\n\n        \t\t\t\t<\/div>\n\t\t\t\t<\/div>\n\t\t\t\t<div class=\"elementor-element elementor-element-313fd2a elementor-widget elementor-widget-heading\" data-id=\"313fd2a\" data-element_type=\"widget\" data-widget_type=\"heading.default\">\n\t\t\t\t\t<h1 class=\"elementor-heading-title elementor-size-default\">Beneficio de granos<\/h1>\t\t\t\t<\/div>\n\t\t<div class=\"elementor-element elementor-element-6be60fb e-con-full e-flex e-con e-child\" data-id=\"6be60fb\" data-element_type=\"container\">\n\t\t<div class=\"elementor-element elementor-element-8b6ff63 e-con-full e-flex e-con e-child\" data-id=\"8b6ff63\" data-element_type=\"container\">\n\t\t\t\t<div class=\"elementor-element elementor-element-c6f2ada elementor-position-top elementor-widget elementor-widget-image-box\" data-id=\"c6f2ada\" data-element_type=\"widget\" data-widget_type=\"image-box.default\">\n\t\t\t\t\t<div class=\"elementor-image-box-wrapper\"><figure class=\"elementor-image-box-img\"><img fetchpriority=\"high\" decoding=\"async\" width=\"1536\" height=\"1519\" src=\"https:\/\/agruza.com.mx\/wp-content\/uploads\/2025\/09\/cribado-sq-scaled.jpg\" class=\"elementor-animation-bounce-in attachment-1536x1536 size-1536x1536 wp-image-7276\" alt=\"\" \/><\/figure><div class=\"elementor-image-box-content\"><h3 class=\"elementor-image-box-title\">Cribado<\/h3><p class=\"elementor-image-box-description\">Se cuenta con un tren de cribado horizontal para el manejo optimo del grano con una capacidad de 6 ton\/hr, con reportes precisos del producto de entrada de origen, tipo y cantidad de mermas y producto terminado. Logrando siempre la calidad optima que el cliente requiere.<\/p><\/div><\/div>\t\t\t\t<\/div>\n\t\t\t\t<\/div>\n\t\t<div class=\"elementor-element elementor-element-3bd8a86 e-con-full e-flex e-con e-child\" data-id=\"3bd8a86\" data-element_type=\"container\">\n\t\t\t\t<div class=\"elementor-element elementor-element-1b6d2d3 elementor-position-top elementor-widget elementor-widget-image-box\" data-id=\"1b6d2d3\" data-element_type=\"widget\" data-widget_type=\"image-box.default\">\n\t\t\t\t\t<div class=\"elementor-image-box-wrapper\"><figure class=\"elementor-image-box-img\"><img decoding=\"async\" width=\"1536\" height=\"1519\" src=\"https:\/\/agruza.com.mx\/wp-content\/uploads\/2025\/09\/pulido-sq-scaled.jpg\" class=\"elementor-animation-bounce-in attachment-1536x1536 size-1536x1536 wp-image-7277\" alt=\"\" \/><\/figure><div class=\"elementor-image-box-content\"><h3 class=\"elementor-image-box-title\">Pulido<\/h3><p class=\"elementor-image-box-description\">Si el producto y el cliente lo requiere el pulido del grano es otro servicio prestado, logrando optima calidad.<\/p><\/div><\/div>\t\t\t\t<\/div>\n\t\t\t\t<\/div>\n\t\t<div class=\"elementor-element elementor-element-8e1de3d e-con-full e-flex e-con e-child\" data-id=\"8e1de3d\" data-element_type=\"container\">\n\t\t\t\t<div class=\"elementor-element elementor-element-fa728e8 elementor-position-top elementor-widget elementor-widget-image-box\" data-id=\"fa728e8\" data-element_type=\"widget\" data-widget_type=\"image-box.default\">\n\t\t\t\t\t<div class=\"elementor-image-box-wrapper\"><figure class=\"elementor-image-box-img\"><img decoding=\"async\" width=\"1536\" height=\"1519\" src=\"https:\/\/agruza.com.mx\/wp-content\/uploads\/2025\/09\/embazado-sq-scaled.jpg\" class=\"elementor-animation-bounce-in attachment-1536x1536 size-1536x1536 wp-image-7279\" alt=\"\" \/><\/figure><div class=\"elementor-image-box-content\"><h3 class=\"elementor-image-box-title\">Embazado<\/h3><p class=\"elementor-image-box-description\">Nos adecuamos a cada una de las necesidades de cada cliente realizamos un servicio de cribado, pulido, envasado y\/o empacado en distintas presentaciones que van de 1 kg, 25 kg, 30 kg, 40 kg, 45 kg, hasta 50 kg y de 50, 100, 1000 y 2000 libras.<\/p><\/div><\/div>\t\t\t\t<\/div>\n\t\t\t\t<\/div>\n\t\t<div class=\"elementor-element elementor-element-86533b5 e-con-full e-flex e-con e-child\" data-id=\"86533b5\" data-element_type=\"container\">\n\t\t\t\t<div class=\"elementor-element elementor-element-0b04dc8 elementor-position-top elementor-widget elementor-widget-image-box\" data-id=\"0b04dc8\" data-element_type=\"widget\" data-widget_type=\"image-box.default\">\n\t\t\t\t\t<div class=\"elementor-image-box-wrapper\"><figure class=\"elementor-image-box-img\"><img loading=\"lazy\" decoding=\"async\" width=\"1536\" height=\"1519\" src=\"https:\/\/agruza.com.mx\/wp-content\/uploads\/2025\/09\/empacado-sq-scaled.jpg\" class=\"elementor-animation-bounce-in attachment-1536x1536 size-1536x1536 wp-image-7280\" alt=\"\" \/><\/figure><div class=\"elementor-image-box-content\"><h3 class=\"elementor-image-box-title\">Empacado<\/h3><p class=\"elementor-image-box-description\">Tambi\u00e9n se tiene como servicio adicional el empacado en bolsa de 1kg, 900gr, 500gr.<\/p><\/div><\/div>\t\t\t\t<\/div>\n\t\t\t\t<\/div>\n\t\t\t\t<\/div>\n\t\t\t\t<\/div>\n\t\t\t\t\t<\/div>\n\t\t\t\t<\/div>\n\t\t\t\t<\/div>\n\t\t","protected":false},"excerpt":{"rendered":"<p>01 Carga y descarga Contamos con personal debidamente capacitado para el manejo de gr\u00e1neles como envasados de granos y semillas adem\u00e1s de contar con el equipo especializado con capacidad de carga de 60 ton\/hr de productos granel y 45 ton\/hr de productos envasados y debidamente empacados y embalados. Contamos con andenes para descarga eficiente de [&hellip;]<\/p>\n","protected":false},"author":1,"featured_media":0,"parent":0,"menu_order":0,"comment_status":"closed","ping_status":"closed","template":"elementor_header_footer","meta":{"_acf_changed":false,"footnotes":""},"class_list":["post-2770","page","type-page","status-publish","hentry"],"acf":[],"_links":{"self":[{"href":"https:\/\/agruza.com.mx\/index.php\/wp-json\/wp\/v2\/pages\/2770","targetHints":{"allow":["GET"]}}],"collection":[{"href":"https:\/\/agruza.com.mx\/index.php\/wp-json\/wp\/v2\/pages"}],"about":[{"href":"https:\/\/agruza.com.mx\/index.php\/wp-json\/wp\/v2\/types\/page"}],"author":[{"embeddable":true,"href":"https:\/\/agruza.com.mx\/index.php\/wp-json\/wp\/v2\/users\/1"}],"replies":[{"embeddable":true,"href":"https:\/\/agruza.com.mx\/index.php\/wp-json\/wp\/v2\/comments?post=2770"}],"version-history":[{"count":27,"href":"https:\/\/agruza.com.mx\/index.php\/wp-json\/wp\/v2\/pages\/2770\/revisions"}],"predecessor-version":[{"id":7341,"href":"https:\/\/agruza.com.mx\/index.php\/wp-json\/wp\/v2\/pages\/2770\/revisions\/7341"}],"wp:attachment":[{"href":"https:\/\/agruza.com.mx\/index.php\/wp-json\/wp\/v2\/media?parent=2770"}],"curies":[{"name":"wp","href":"https:\/\/api.w.org\/{rel}","templated":true}]}}